 w. Calculate r(d).
19
Let b(o) be the third derivative of -o**6/360 + o**4/24 - 2*o**3/3 + 4*o**2. Let l(i) be the second derivative of b(i). Give l(-6).
12
Suppose 0 = v - u - 2, 2*v - 4*u - 1 = -3*u. Let n(s) be the first derivative of -4*s**3/3 - s**2 - s - 1721. What is n(v)?
-3
Let h(j) be the third derivative of -j**6/120 - j**5/12 - j**4/24 - 2*j**3/3 + j**2 + 50*j. Calculate h(-5).
1
Let k(f) = -3*f + 9. Let o(u) = 2*u - 11. Let h(i) = 3*k(i) + 4*o(i). Calculate h(-6).
-11
Let x be 3/(-2)*(-24)/9. Let m(o) = -o**3 + 3*o**2 + 9*o - 1. Let k(i) = -i**3 + 3*i**2 + 10*i - 2. Let y(f) = -5*k(f) + 6*m(f). Calculate y(x).
4
Suppose i = -b - 82, -2*i + 2*b = -i + 79. Let o = i + 86. Let x(z) = -z**3 + 6*z**2 - 3*z - 1. Give x(o).
9
Let c(g) be the first derivative of -g**2/2 + 2*g + 139. What is c(2)?
0
Suppose -4*i + 20 = 5*h - 3*i, 3*h + 2*i = 5. Let u = 15 + -13. Let y(g) = 3*g - 5*g**2 + 3*g + 4*g**u. Calculate y(h).
5
Let q = -62 - -195. Let v(y) = y + 0*y + q - 131. Determine v(-8).
-6
Let x = 0 + 2. Let f be (49 - -11)*1/3*1. Suppose 6*a + f = x*a. Let o(s) = -s**2 - 6*s. What is o(a)?
5
Let q(i) = -1. Suppose 9*f + 11 - 2 = 0. Let z(p) = p**3 + p**2 - 2*p + 5. Let l(t) = f*z(t) - 4*q(t). What is l(-2)?
-1
Let g(z) = 7 + 13 - 2 + z - 13. What is g(0)?
5
Let k(x) = -808*x**3 - 811*x**3 + 5*x**2 - 1 - 7*x + 1620*x**3. What is k(-6)?
5
Suppose 10*m = 15*m - 10. Let x(u) = -u**2 + 613*u - 619*u + 8*u**m - 5 - u**3. Calculate x(6).
-5
Let o(y) = y**2 + 46 - 99 + 45 + 2*y. Determine o(0).
-8
Let q(z) = 1543*z**2 + 4*z - 1544*z**2 - 10*z. Give q(-5).
5
Suppose -u = 5*b + 6 + 22, 0 = -3*u - 9. Let g(l) = -10 + 0*l**2 + 4 + 6*l**2 + 2 + l**3 + 5*l. What is g(b)?
-4
Let u(j) = 86 - 11*j - 68 + 3*j**3 - 15*j**2 + 0*j**2. Let r(s) = -s**3 + 5*s**2 + 4*s - 6. Let q(v) = 7*r(v) + 2*u(v). Calculate q(6).
-6
Let d(a) = -a**3 + 5*a**2 - 4*a + 1. Let c be d(4). Let v(y) = -y - 4 + 2 - c + 2*y. Suppose 11 = 3*g + 5. Give v(g).
-1
Let g(c) = 2*c**3 - 2*c**2 + 2*c - 1. Let o = 10 - 7. Let v(d) = d**3 - d**2 - 2*d - 2. Let x be v(o). Suppose -x = -3*s - 4. Calculate g(s).
11
Let x(k) be the first derivative of -5*k**4/2 + 2*k**3/3 - k + 330. Calculate x(-1).
11
Let s(o) = -2*o + 24. Let m(b) = -24 - 11 + 3*b + 10 - 11. Let c(q) = -5*m(q) - 7*s(q). Give c(6).
6
Suppose 28*s - 25*s - 15 = 0. Let r(p) be the second derivative of p**3/6 - 3*p**2/2 - 2*p. Determine r(s).
2
Let s(m) be the first derivative of m**3/3 + 5*m**2 - 6*m + 5. Determine s(-11).
5
Let v(o) be the second derivative of 9*o - 1/240*o**6 - 1/6*o**4 + 0*o**3 + 0*o**5 + 0 + 0*o**2. Let l(c) be the third derivative of v(c). Calculate l(2).
-6
Let k(m) = -m + 4. Let l be k(2). Let o = -2 + l. Let u(a) = 959*a + 45 - 958*a - 58. Give u(o).
-13
Let a = -51 + 53. Let v(j) be the second derivative of -2*j**3/3 + 3*j**2/2 - 5*j. What is v(a)?
-5
Let m(f) = 8*f**3 - f**2 + 2*f - 2. Suppose 0 = -3*g - 0*g + 6. Let s(b) = 41*b**3 - 5*b**2 + 11*b - 11. Let l(d) = g*s(d) - 11*m(d). Determine l(-1).
7
Let u(r) = r**3 + 9*r**2 + 7. Suppose -2*f = -5*q - 17, 5*f - 17 = 13*q - 9*q. Let y be -4 - ((4 - (3 + -3)) + f). Calculate u(y).
7
Let l(d) = 2*d + 2. Let h be l(1). Suppose -20 = h*r - n, -r + 3*r = -3*n + 4. Let s(m) = -m**2 - 2*m - 4. Determine s(r).
-12
Let g = -16 + 16. Let y(f) = 0*f**2 - f**2 + g*f + 16 - 4*f - 18. Let d be (0 + 2/2)*-5. Calculate y(d).
-7
Let l(d) = d + 1. Let i(j) be the third derivative of 11*j**4/24 + 2*j**3/3 + 76*j**2 + 1. Let m = -8 - -5. Let y(n) = m*l(n) + i(n). Give y(-1).
-7
Let l(s) be the second derivative of -s**4/12 + s**3/3 + 3*s**2 - 130*s. Calculate l(4).
-2
Let m(t) be the third derivative of -1/24*t**4 - 1/6*t**3 + 0*t + 0 + 35*t**2. Determine m(3).
-4
Let c(g) = -32*g**2 - 21*g + 19. Let u(s) = 15*s**2 + 10*s - 9. Let o(t) = 6*c(t) + 13*u(t). Give o(2).
17
Let k be (1 + -1 + -1)*12. Let u be (2 - 1)/((-4)/k). Let t(l) = -2*l + 2. Give t(u).
-4
Let d(c) = -c + 7. Let j(g) = g - 11. Let f(o) = 7*d(o) + 5*j(o). Suppose -4 = 5*t - 4*t. What is f(t)?
2
Suppose m - 18 = 3*m + 2*i, 0 = 3*m - i + 15. Let g(p) = -6*p**2 - 6*p + 2. Let u(w) = 7*w**2 + 6*w - 3. Let t(b) = m*g(b) - 5*u(b). Calculate t(-4).
-5
Let j(r) = -4*r + 4. Let s = 372 + -378. What is j(s)?
28
Let x(p) = 7004 + p - p**3 - 12*p**2 - 6996 + 0*p. Determine x(-12).
-4
Let t(x) = -x**2 - 5*x - 6. Suppose 3*w + 2*g = -20, -5*g - 39 + 3 = 4*w. Give t(w).
-2
Let t(f) = f**2 - 6*f - 5. Let m be ((-6)/(-5) - 0)/((-5)/(-50)). Let v = m - 6. Calculate t(v).
-5
Let m(l) = -l - 1. Suppose 19 = q + 2. Let i = -14 + q. Give m(i).
-4
Let w(x) = x**2 - 10*x + 25. Let v(y) = -y**2 - 14*y - 26. Let p be v(-11). Calculate w(p).
4
Let n = -10 + 13. Let b = 1 + n. Let p(a) = -a - 1 + b - 2 - 3*a - 2*a**2. Determine p(-3).
-5
Let h(y) = 5*y - 12. Let a(k) = 4*k - 11. Let c(f) = -6*a(f) + 5*h(f). Let w(t) = t**2 + 34*t + 6. Let i be w(-34). Give c(i).
12
Let i(d) = -2*d + d + 273 - 7*d - 274. Determine i(-4).
31
Let w(r) = 5*r**3 + 19*r**2 + 20*r - 5. Let h(m) = m**3 + m**2 + m. Let y(x) = -6*h(x) + w(x). Determine y(14).
-5
Let t(y) = -4*y - 2. Let x(p) = -10*p. Let b(d) = -2*t(d) + x(d). Let m = 41 - 25. Suppose 0 = -5*c + c + m. Determine b(c).
-4
Suppose -a + 1 + 5 = n, 0 = -5*a + 3*n - 2. Let f(b) = 6*b**a - b + b**3 + 2*b - 3*b**2 - 2*b**3 + 3. Give f(3).
6
Suppose -6 = q - 2*q. Suppose 0*o - 2*o = q. Let m(y) be the third derivative of y**6/120 + y**5/30 - y**4/6 - y**3/3 + y**2. What is m(o)?
1
Let f(g) = -4*g**3 + 2 + 6 + 3*g**3. Let d = -72 + 22. Let a = d + 50. Determine f(a).
8
Let r(f) be the third derivative of f**4/12 - 23*f**3/6 - 178*f**2 - 2. Calculate r(8).
-7
Let q(u) = 8 + 28*u - u**2 - 32*u - 4 + 0. Give q(-8).
-28
Let w(n) = 3*n - 3. Let p(s) = -2*s + 4. Let y = 56 - 60. Let d(t) = y*p(t) - 3*w(t). Give d(-6).
-1
Let h(o) = -o - 8. Let q = -178 - -170. Give h(q).
0
Let s(q) = q. Let w be 2/((-14)/(-49)) - -6. What is s(w)?
13
Let d(c) = -2*c**2 - 4*c + 84. Let i be d(6). Let f(q) = q**3 + 12*q**2 - q - 16. Calculate f(i).
-4
Suppose -3*l + l = 0. Let v(k) = -k**2 - k - 1. What is v(l)?
-1
Let w(g) = g**2 + 5*g - 10. Let f be w(4). Let n = -22 + f. Suppose -n = i - 1. Let k(t) = t**3 + 2*t**2 - 3*t + 3. Determine k(i).
3
Let r(c) be the third derivative of -c**5/60 + c**4/2 + 13*c**3/6 + 58*c**2. Calculate r(13).
0
Suppose -p = -4*p + 4*c - 12, -p - c - 4 = 0. Let m(g) = -g**2 - 38*g. Let k(q) = -q**2 - 46*q. Let u(j) = 9*k(j) - 11*m(j). What is u(p)?
16
Let x(k) = -k + 2*k + 5 + 4*k. Let z(r) = 14*r + 14. Let i(h) = 17*x(h) - 6*z(h). Calculate i(1).
2
Suppose 2*h + h + 7 = 4*p, -3 = 3*h. Let x(q) = -2 - q**2 - 2*q + q**3 + 6*q**3 - p + 2. Let m = -273 + 272. Give x(m).
-7
Let x(q) = -q + 3. Let o = 1568 + -1572. Calculate x(o).
7
Let j(x) = 3*x**2 - 9*x + 1. Let n be j(3). Let b(s) = 2*s**3 + s - 1. Calculate b(n).
2
Let s be 56/21*-3 - (-1 - 4). Let y(r) = -r**2 - 2*r + 4. Calculate y(s).
1
Let h(c) = 5*c - 65. Let n be h(13). Let z(l) = 2*l - 3. Give z(n).
-3
Let j be 1 + 1 - 0 - 7. Let t be 154/(-35) + (-2)/j. Let q(i) = i + 8. Give q(t).
4
Let s(j) = -4*j - 1. Let f(l) = -l**2 - 6*l + 6. Let z be f(-6). Let m(k) = -z*k + 5*k + 5*k. Let t(h) = 3*m(h) + 2*s(h). Determine t(3).
10
Let k(j) = j**3 - 9*j**2 - 1. Let g = -337 - -346. Calculate k(g).
-1
Let r(o) be the second derivative of o**6/120 + o**5/60 + o**4/8 + o**3/6 - 6*o**2 + 16*o. Let y(a) be the first derivative of r(a). What is y(-2)?
-9
Let d(y) be the first derivative of 1/4*y**4 + 1 - 11*y + 1/3*y**3 + 1/2*y**2. Suppose 5541*z = 5539*z. Calculate d(z).
-11
Let q be (-14)/(-3) + (-7)/(-21). Let a be (-1)/q + 102/10. Let c(o) = a*o**3 - o**2 + 3*o**2 - 3 + 2 - 2*o**3. Determine c(-1).
-7
Let d(w) = -w**2 + w - 4. Suppose -75*t - 74*t = -143*t. Give d(t).
-4
Let w = -305 + 304. Let g(p) = 5*p**2 + 2. Give g(w).
7
Let j = -7 + 2. Let k(g) = -4*g**3 + 5*g**2 + 11*g + 4. Let l(f) = -5*f**3 + 5*f**2 + 12*f + 4. Let p(h) = j*l(h) + 6*k(h). What is p(-4)?
-4
Let c(z) = -z**2 + 13*z + 4. Suppose 12*p - 351 = -15*p. Calculate c(p).
4
Let y(w) = 7*w - 108. Let d be y(16). Let m(l) be the second derivative of 1/3*l**3 + 0 - 1/12*l**4 + 2*l**2 - d*l. Determine m(-3).
-11
Let d be (3 - 3)/(-2 - -1) + -6. Let i(z) = -4*z - 1. Calculate i(d).
23
Let k(y